(t) be the first derivative of t**3 + 2*t**2 + t + 35. What are the prime factors of d(6)?
7, 19
Let z(c) = -c**3 - 14*c**2 + c - 308. List the prime factors of z(-20).
2, 7, 37
Suppose 3*q = -4*c + 10, 3*c = -0*c + 5*q + 22. Suppose 4*r - 95 = 4*b + 13, -c*b + 126 = 5*r. List the prime factors of r.
2, 13
Suppose i + 4*z - 345 = 1056, 2*i - 2832 = 2*z. List the prime factors of i.
3, 157
Let t = -375 - -662. What are the prime factors of t?
7, 41
Let q = 8 - 5. Let d(b) = -2*b**2 + 18*b + 12. Let y be d(14). What are the prime factors of q/((-268)/y - 2)?
2
Let l(c) = 32*c + 15. What are the prime factors of l(6)?
3, 23
Let p = -3780 - -8528. What are the prime factors of p?
2, 1187
What are the prime factors of (-1)/7 - (-44940)/49?
7, 131
Let u = -11 + 35. Let c = u - -1. List the prime factors of c.
5
Let c = -1203 + 531. Let s be (-4)/(-6) + c/(-18). Let n = -21 + s. List the prime factors of n.
17
Let n(y) = -3*y**2 - 2*y. Let j be n(-4). Let z = 14 - j. Suppose -5*g - 4*d + 135 = 0, -2*g = -0*g - d - z. List the prime factors of g.
3
Let m(t) = t**3 - 3*t**2 + 2*t. Let o be m(1). Suppose 0 = -3*y - o*y - 4*b + 49, y = -b + 18. What are the prime factors of y?
23
Let o(t) = 2*t**3 - t**2 - t + 84. Suppose -2*w + 5*w = 2*j, 4*j + 2*w = 0. What are the prime factors of o(j)?
2, 3, 7
List the prime factors of 5445/((-8)/((-128)/24)).
2, 3, 5, 11
Suppose o - 129 = -5*b - 2*o, -3*b + 75 = o. Suppose 6*w - 20 = w. Suppose -2*l = w*j - 30, -l + 4*j = 3*l - b. What are the prime factors of l?
3
Let p(v) = -v**3 + 2*v**2 + 3*v + 2. Let n be p(3). Suppose -n*a = -23 - 11. List the prime factors of a.
17
Suppose -l = 4*l - 40. Suppose l - 1 = 3*m - c, -3*m + 2*c = -2. Suppose -m*n = -38 - 42. List the prime factors of n.
2, 5
Let k(f) = f - 1. Let y be k(4). Suppose -3*o = -5*j + 217, y*o - 4 = -o. What are the prime factors of j?
2, 11
Let q be (-16)/(-72) - (-25)/9. Let l(x) = -9*x - 13 + q*x + 3*x + x. What are the prime factors of l(-12)?
11
Let h = 5730 - 2709. List the prime factors of h.
3, 19, 53
Let y(v) be the third derivative of v**5/60 + v**4/4 - 8*v**3/3 - 3*v**2 + 1. What are the prime factors of y(5)?
3, 13
Let f(g) = 671*g + 802. What are the prime factors of f(6)?
2, 17, 71
Let x = 6 + -1. Suppose 3*s - 537 = 5*k + 133, x*k + 885 = 4*s. List the prime factors of s.
5, 43
Let z(a) = 760*a**2 - 2*a + 3. List the prime factors of z(1).
761
Let d = -125 - -237. Let p be 16/d + (-64)/7. List the prime factors of 32/(-24)*p/2.
2, 3
Suppose -3*v = -5*v. Suppose -10*r + 5*r = v. Suppose -x + 2 = -r*x. What are the prime factors of x?
2
Suppose 24818 = 12*i + 5582. What are the prime factors of i?
7, 229
Let k(h) = h**2 - 4*h + 4. Let z = -6 - -9. Let y be k(z). Let g(w) = 44*w**3 - w**2 + w - 1. What are the prime factors of g(y)?
43
Let c(x) = 41*x**2 - 4*x - 4. Let k be c(-2). Suppose 0 = b - 5*b + k. List the prime factors of b.
2, 3, 7
Let c(w) = 2*w**2 + 31*w + 42. What are the prime factors of c(-24)?
2, 3, 5
Suppose -4*j + 6*j = 4. Let c(l) = 11*l**2 + l + 3. List the prime factors of c(j).
7
Let a be (-2)/((-222)/218 + -4 + 5). Let k = a - -21. List the prime factors of k.
2, 5, 13
Let v(d) = 2*d + 10. Suppose -2*a - 3*w - 19 = -a, a - 3*w = 5. Let f be v(a). Let s(z) = -10*z + 1. What are the prime factors of s(f)?
41
Suppose 94 = 5*a - 31. Suppose -k - 3*k + 59 = 3*y, 5*y = a. What are the prime factors of k?
11
Let l(h) = -4*h**3 + 9*h**2 + 19*h - 30. Let q(x) = 3*x**3 - 10*x**2 - 18*x + 30. Let y(o) = -2*l(o) - 3*q(o). What are the prime factors of y(13)?
3
Suppose 6*z = -24*z + 59820. List the prime factors of z.
2, 997
Let c(k) = 4*k - 9. Let s(j) = -7*j + 19. Let a(r) = 5*c(r) + 3*s(r). Let o be a(7). Let q(n) = -n**3 + 7*n**2 - n - 7. What are the prime factors of q(o)?
2, 19
Let a be (-26)/(-10) + 6/15. Suppose 4*i - a*d - 92 = 0, -4*i + 3*d - d = -88. List the prime factors of i.
2, 5
Let i(n) = -22*n - 3. Let t be i(3). Let h = t + 99. Suppose -2*r - h = -2*j, j + 3 = 2*j - 5*r. What are the prime factors of j?
2, 3
Suppose 4*n - n + 2*l - 6919 = 0, -5*n + 11533 = 4*l. List the prime factors of n.
5, 461
Let o(u) = 23*u**2 - 13*u - 6. What are the prime factors of o(-11)?
2, 5, 73
Let n(k) = 2*k + 24. Let b be n(-10). Suppose 525 = 5*g - t, 2*t = -b*g + 2*g + 198. List the prime factors of g.
2, 13
Let q = 2 + -17. Let j(n) = n**3 + 15*n**2 - 6*n + 7. List the prime factors of j(q).
97
Let v(l) = 100*l + 168. What are the prime factors of v(12)?
2, 3, 19
Let t = 55 + -55. Suppose -604 = -5*w + 2*k, -3*k - 9 + 3 = t. List the prime factors of w.
2, 3, 5
Let j be (-2838)/(-2) - 0*1/2. List the prime factors of j/(-22)*(-2)/3.
43
Let k = -1493 + 3325. What are the prime factors of k?
2, 229
Suppose 2*s - 5730 = -s + 3*b, 2*b = -5*s + 9522. What are the prime factors of s?
2, 953
Let k = -23 - -25. Suppose 2*l = 2*x + k, -3*l + 2*x = 5 - 6. What are the prime factors of 1 + (l - 265/(-5))?
53
Suppose -y - 10 = -6*y. Let b be (-2)/(-4) + 33/22. Suppose 18 = b*z + 2*o, y*z + 4*o - 13 = o. What are the prime factors of z?
2, 7
Let g(h) = -h**2 - 8*h + 5. Let l(c) = -2*c**2 - 9*c + 6. Let q(t) = 5*g(t) - 4*l(t). Let s be q(5). Let d = -3 + s. List the prime factors of d.
53
Suppose -5*i = -4*i + l - 542, 4 = -2*l. List the prime factors of i.
2, 17
Let b(d) = 40*d - 4. Let z be b(2). What are the prime factors of (z/(-10))/(4/(-10))?
19
Suppose -4*s + 90 = -2*s. Suppose 0 = -4*a + 4*x + 44, -3*x - 24 = -9. Suppose -h = -a*h + s. What are the prime factors of h?
3
List the prime factors of 17198/8 + -3 - 126/168.
2, 29, 37
Let p(y) be the second derivative of -y**5/120 + 11*y**4/12 - 2*y**3/3 - 3*y. Let i(g) be the second derivative of p(g). What are the prime factors of i(13)?
3
Let t = -21 + 34. Let k be 2/(-8) - 81/12. Let g = t + k. What are the prime factors of g?
2, 3
Suppose y - 12 = 4. Suppose 0 = 2*t + 2*t + y. What are the prime factors of ((-4)/(-3))/(t/(-102))?
2, 17
Let h = -87 + 41. List the prime factors of (h/8)/(10/(-40)).
23
Suppose -6*f + 5*f = -3*f. Suppose -2*m - 367 = -3*k, -5*k - 4*m + 793 - 174 = f. What are the prime factors of k?
3, 41
Suppose 5*g = -3*v + 4*g + 283, -5*g + 5 = 0. List the prime factors of v.
2, 47
Suppose -2*r = 3*v - 21, 6*v = 3*r + 4*v + 1. Let q be (-2 - -5 - 1) + r. Suppose -73 = -q*a + 4*a. What are the prime factors of a?
73
Suppose -5*s + 8*s - 561 = 0. Suppose 9*m - s = 452. What are the prime factors of m?
71
Let v be (10 - 0)*(-26)/(-13). Let b be (-1)/(2*(-5)/v). Let t = 68 - b. What are the prime factors of t?
2, 3, 11
Let w be 176/(-2) + 1 + 0. Let q = -21 - w. List the prime factors of q.
2, 3, 11
Suppose -37*p - 6*p + 120443 = 0. List the prime factors of p.
2801
Let v(f) be the second derivative of -f**5/5 + f**4/4 + f**3/2 - f**2/2 + 26*f. List the prime factors of v(-3).
5
Suppose -h + p - 4 + 3 = 0, h - 2*p = -6. Let l = 7 - h. Suppose 6*q + 100 = 3*c + q, -4*c + 137 = -l*q. What are the prime factors of c?
5, 7
Let n(c) = 28*c**2 + 5*c + 23. List the prime factors of n(-3).
2, 5, 13
List the prime factors of (-8671)/(-6) + (-36)/216.
5, 17
Let m = -6 - -12. Suppose -2*z = -m*z + 120. What are the prime factors of z?
2, 3, 5
Suppose j + 5*s + 72 - 18 = 0, 2*s + 178 = -5*j. Let x = j + 62. List the prime factors of x.
2, 7
Suppose -2*q + 3 = -3*q - 3*k, 0 = -2*q - 2*k + 2. Suppose 3*f - 3*m = 492, -q*f - 3*m - 47 = -545. What are the prime factors of f?
3, 5, 11
Suppose 110*b - 230257 = 70043. What are the prime factors of b?
2, 3, 5, 7, 13
Suppose 3*z + 1 = -4*i - 3, z = 3*i + 3. Suppose 2*f = -z*f + 60. What are the prime factors of f?
2, 3, 5
Let n(w) = -8*w**2 - w. Let r be n(2). Let a = 49 + r. Suppose a = -0*f + f. List the prime factors of f.
3, 5
Suppose -4*j + 6*j = 0, -2*g + 2*j = -20. Suppose 5*w - 25 + g = 0. Suppose 43 = 3*b - o, 4*b - w*o - 54 = -0*o. List the prime factors of b.
3, 5
Let b = 13 - 14. Let o = b - -45. Suppose 0 = -f - 2*c + o, -f + 9*c = 4*c - 58. List the prime factors of f.
2, 3
Suppose -2*d + 244 = -d. List the prime factors of d.
2, 61
Let w = 1275 - 1023. What are the prime factors of w?
2, 3, 7
Let y(z) = 3*z - 18*z**2 + 2*z - 4*z - 2. Let d be y(2). List the prime factors of (d/28)/3*-7.
2, 3
Let b(n) = 34*n + 1. Let f be b(1)